{"id":728,"date":"2021-07-07T11:52:18","date_gmt":"2021-07-07T11:52:18","guid":{"rendered":"https:\/\/www.fincasbautista.es\/?page_id=728"},"modified":"2021-07-07T12:27:27","modified_gmt":"2021-07-07T12:27:27","slug":"informacion-basica-de-proteccion-de-datos","status":"publish","type":"page","link":"https:\/\/www.fincasbautista.es\/index.php\/informacion-basica-de-proteccion-de-datos\/","title":{"rendered":"Informaci\u00f3n B\u00e1sica de Protecci\u00f3n de Datos"},"content":{"rendered":"<p>[et_pb_section fb_built=\u00bb1&#8243; _builder_version=\u00bb4.9.7&#8243; _module_preset=\u00bbdefault\u00bb][et_pb_row _builder_version=\u00bb4.9.7&#8243; _module_preset=\u00bbdefault\u00bb][et_pb_column type=\u00bb4_4&#8243; _builder_version=\u00bb4.9.7&#8243; _module_preset=\u00bbdefault\u00bb][et_pb_text _builder_version=\u00bb4.9.7&#8243; _module_preset=\u00bbdefault\u00bb hover_enabled=\u00bb0&#8243; sticky_enabled=\u00bb0&#8243;]<\/p>\n<h2><strong>Informaci\u00f3n b\u00e1sica de protecci\u00f3n de datos.<\/strong><\/h2>\n<p>[\/et_pb_text][\/et_pb_column][\/et_pb_row][et_pb_row _builder_version=\u00bb4.9.7&#8243; _module_preset=\u00bbdefault\u00bb][et_pb_column type=\u00bb4_4&#8243; _builder_version=\u00bb4.9.7&#8243; _module_preset=\u00bbdefault\u00bb][et_pb_text _builder_version=\u00bb4.9.7&#8243; _module_preset=\u00bbdefault\u00bb]<\/p>\n<p>ESTER BAUTISTA CALVO deber\u00e1 incluir en los formularios que se usen para la recogida de datos personales,\u00a0la informaci\u00f3n para dar cumplimiento al deber de informar recogido en los art\u00edculos 13 y 14 del Reglamento\u00a0General de Protecci\u00f3n de datos (en adelante RGPD) as\u00ed como deber\u00e1 cumplir con el principio de licitud del\u00a0tratamiento (art\u00edculo 6 del RGPD).<\/p>\n<p>Para hacer compatible la mayor exigencia de informaci\u00f3n que debe facilitarse al interesado cuyos datos de\u00a0car\u00e1cter personal van a tratarse se establece la posibilidad de presentar la informaci\u00f3n adoptando un modelo de\u00a0informaci\u00f3n por capas o niveles, ello deber\u00e1 estar en consonancia con que la informaci\u00f3n deber\u00e1 proporcionarse\u00a0con un lenguaje claro, sencillo y de forma concisa, transparente, inteligible y de f\u00e1cil acceso.\u00a0El art\u00edculo 11 de la Ley Org\u00e1nica 3\/2018, de 5 de diciembre, de Protecci\u00f3n de Datos Personales y garant\u00eda de los\u00a0derechos digitales, regula la informaci\u00f3n b\u00e1sica que se requiere en una primera capa.\u00a0<\/p>\n<p>La informaci\u00f3n por capas consiste en:\u00a0 \u00a0 \u00a0<\/p>\n<p>\u00a0 \u00a0 \u00a0 \u00a0 &#8211; Presentaci\u00f3n de Informaci\u00f3n b\u00e1sica (1a capa): consiste en presentar una informaci\u00f3n b\u00e1sica en un\u00a0primer nivel, de forma resumida, en el mismo momento y en el mismo medio en que se recojan los\u00a0datos.<\/p>\n<p>\u00a0 \u00a0 \u00a0 \u00a0 &#8211; Remisi\u00f3n a Informaci\u00f3n adicional (2a capa): Consiste en presentar de forma detallada y completa la\u00a0informaci\u00f3n, en un medio adecuado, estructurado, conciso y preciso. La forma de presentar esta\u00a0informaci\u00f3n adicional depende de las caracter\u00edsticas del medio empleado para informar.<\/p>\n<p>[\/et_pb_text][\/et_pb_column][\/et_pb_row][\/et_pb_section]<\/p>\n","protected":false},"excerpt":{"rendered":"<p>Informaci\u00f3n b\u00e1sica de protecci\u00f3n de datos.ESTER BAUTISTA CALVO deber\u00e1 incluir en los formularios que se usen para la recogida de datos personales,\u00a0la informaci\u00f3n para dar cumplimiento al deber de informar recogido en los art\u00edculos 13 y 14 del Reglamento\u00a0General de Protecci\u00f3n de datos (en adelante RGPD) as\u00ed como deber\u00e1 cumplir con el principio de licitud [&hellip;]<\/p>\n","protected":false},"author":1,"featured_media":0,"parent":0,"menu_order":0,"comment_status":"closed","ping_status":"closed","template":"","meta":{"_et_pb_use_builder":"on","_et_pb_old_content":"<!-- wp:divi\/placeholder \/-->","_et_gb_content_width":"","_monsterinsights_skip_tracking":false,"_monsterinsights_sitenote_active":false,"_monsterinsights_sitenote_note":"","_monsterinsights_sitenote_category":0,"footnotes":""},"class_list":["post-728","page","type-page","status-publish","hentry"],"jetpack-related-posts":[{"id":106,"url":"https:\/\/www.fincasbautista.es\/","url_meta":{"origin":728,"position":0},"title":"Inicio","author":"Fincasbautista","date":"abril 12, 2021","format":false,"excerpt":"","rel":"","context":"Entrada similar","block_context":{"text":"Entrada similar","link":""},"img":{"alt_text":"","src":"https:\/\/i0.wp.com\/www.fincasbautista.es\/wp-content\/uploads\/2022\/12\/hogar-01-1-300x285.png?resize=350%2C200&ssl=1","width":350,"height":200},"classes":[]},{"id":1564,"url":"https:\/\/www.fincasbautista.es\/index.php\/piso-el-poal\/","url_meta":{"origin":728,"position":1},"title":"Piso &#8211; El Poal","author":"Fincasbautista","date":"febrero 23, 2022","format":false,"excerpt":"","rel":"","context":"Entrada similar","block_context":{"text":"Entrada similar","link":""},"img":{"alt_text":"fincas bautista castell de fels, seguro adeslas, seguro de decesos, seguros de vida, seguros de coche baratos, seguro hogar, gesti\u00f3n impago alquiler","src":"https:\/\/i0.wp.com\/www.fincasbautista.es\/wp-content\/uploads\/2022\/02\/vistas_montana2.jpg?fit=500%2C359&ssl=1&resize=350%2C200","width":350,"height":200},"classes":[]},{"id":720,"url":"https:\/\/www.fincasbautista.es\/index.php\/politica-de-privacidad\/","url_meta":{"origin":728,"position":2},"title":"Pol\u00edtica de privacidad","author":"Fincasbautista","date":"julio 7, 2021","format":false,"excerpt":"","rel":"","context":"Entrada similar","block_context":{"text":"Entrada similar","link":""},"img":{"alt_text":"","src":"","width":0,"height":0},"classes":[]},{"id":722,"url":"https:\/\/www.fincasbautista.es\/index.php\/aviso-legal\/","url_meta":{"origin":728,"position":3},"title":"Aviso Legal","author":"Fincasbautista","date":"julio 7, 2021","format":false,"excerpt":"","rel":"","context":"Entrada similar","block_context":{"text":"Entrada similar","link":""},"img":{"alt_text":"","src":"","width":0,"height":0},"classes":[]},{"id":1436,"url":"https:\/\/www.fincasbautista.es\/index.php\/gestionar-el-alquiler\/","url_meta":{"origin":728,"position":4},"title":"Gesti\u00f3n de Alquiler","author":"Fincasbautista","date":"febrero 7, 2022","format":false,"excerpt":"","rel":"","context":"Entrada similar","block_context":{"text":"Entrada similar","link":""},"img":{"alt_text":"fincas bautista castell de fels, seguro adeslas, seguro de decesos, seguros de vida, seguros de coche baratos, seguro hogar, seguro de vida liberty,","src":"https:\/\/i0.wp.com\/www.fincasbautista.es\/wp-content\/uploads\/2021\/09\/shutterstock_1438256546-scaled.jpg?fit=1200%2C740&ssl=1&resize=350%2C200","width":350,"height":200,"srcset":"https:\/\/i0.wp.com\/www.fincasbautista.es\/wp-content\/uploads\/2021\/09\/shutterstock_1438256546-scaled.jpg?fit=1200%2C740&ssl=1&resize=350%2C200 1x, https:\/\/i0.wp.com\/www.fincasbautista.es\/wp-content\/uploads\/2021\/09\/shutterstock_1438256546-scaled.jpg?fit=1200%2C740&ssl=1&resize=525%2C300 1.5x, https:\/\/i0.wp.com\/www.fincasbautista.es\/wp-content\/uploads\/2021\/09\/shutterstock_1438256546-scaled.jpg?fit=1200%2C740&ssl=1&resize=700%2C400 2x, https:\/\/i0.wp.com\/www.fincasbautista.es\/wp-content\/uploads\/2021\/09\/shutterstock_1438256546-scaled.jpg?fit=1200%2C740&ssl=1&resize=1050%2C600 3x"},"classes":[]},{"id":280,"url":"https:\/\/www.fincasbautista.es\/index.php\/contratar-un-seguro\/","url_meta":{"origin":728,"position":5},"title":"Contratar un seguro","author":"Fincasbautista","date":"mayo 27, 2021","format":false,"excerpt":"","rel":"","context":"Entrada similar","block_context":{"text":"Entrada similar","link":""},"img":{"alt_text":"","src":"","width":0,"height":0},"classes":[]}],"jetpack_sharing_enabled":true,"_links":{"self":[{"href":"https:\/\/www.fincasbautista.es\/index.php\/wp-json\/wp\/v2\/pages\/728","targetHints":{"allow":["GET"]}}],"collection":[{"href":"https:\/\/www.fincasbautista.es\/index.php\/wp-json\/wp\/v2\/pages"}],"about":[{"href":"https:\/\/www.fincasbautista.es\/index.php\/wp-json\/wp\/v2\/types\/page"}],"author":[{"embeddable":true,"href":"https:\/\/www.fincasbautista.es\/index.php\/wp-json\/wp\/v2\/users\/1"}],"replies":[{"embeddable":true,"href":"https:\/\/www.fincasbautista.es\/index.php\/wp-json\/wp\/v2\/comments?post=728"}],"version-history":[{"count":6,"href":"https:\/\/www.fincasbautista.es\/index.php\/wp-json\/wp\/v2\/pages\/728\/revisions"}],"predecessor-version":[{"id":744,"href":"https:\/\/www.fincasbautista.es\/index.php\/wp-json\/wp\/v2\/pages\/728\/revisions\/744"}],"wp:attachment":[{"href":"https:\/\/www.fincasbautista.es\/index.php\/wp-json\/wp\/v2\/media?parent=728"}],"curies":[{"name":"wp","href":"https:\/\/api.w.org\/{rel}","templated":true}]}}